hat is the tens digit of 99?
9
What is the hundreds digit of 658?
6
What is the thousands digit of 14972?
4
What is the hundreds digit of 1503?
5
What is the hundreds digit of 37820?
8
What is the units digit of 4430?
0
What is the tens digit of 3947?
4
What is the hundreds digit of 2795?
7
What is the ten thousands digit of 12075?
1
What is the tens digit of 43261?
6
What is the hundreds digit of 2758?
7
What is the thousands digit of 1475?
1
What is the hundreds digit of 5094?
0
What is the tens digit of 19707?
0
What is the tens digit of 375?
7
What is the units digit of 82?
2
What is the ten thousands digit of 82106?
8
What is the units digit of 29774?
4
What is the tens digit of 837?
3
What is the tens digit of 3208?
0
What is the ten thousands digit of 45037?
4
What is the tens digit of 1517?
1
What is the units digit of 181015?
5
What is the tens digit of 3688?
8
What is the units digit of 22546?
6
What is the thousands digit of 3417?
3
What is the units digit of 2377?
7
What is the ten thousands digit of 50209?
5
What is the thousands digit of 2416?
2
What is the tens digit of 44334?
3
What is the thousands digit of 83546?
3
What is the units digit of 6465?
5
What is the thousands digit of 5581?
5
What is the tens digit of 171?
7
What is the tens digit of 46529?
2
What is the hundreds digit of 5759?
7
What is the thousands digit of 6477?
6
What is the hundreds digit of 44223?
2
What is the thousands digit of 3155?
3
What is the tens digit of 113605?
0
What is the units digit of 12244?
4
What is the tens digit of 56484?
8
What is the thousands digit of 1168?
1
What is the tens digit of 28464?
6
What is the hundreds digit of 126145?
1
What is the ten thousands digit of 59745?
5
What is the thousands digit of 6080?
6
What is the units digit of 7775?
5
What is the hundreds digit of 185?
1
What is the hundred thousands digit of 111375?
1
What is the units digit of 28?
8
What is the thousands digit of 23190?
3
What is the units digit of 604?
4
What is the units digit of 9281?
1
What is the tens digit of 36660?
6
What is the tens digit of 9296?
9
What is the hundreds digit of 373?
3
What is the thousands digit of 4848?
4
What is the hundreds digit of 2401?
4
What is the ten thousands digit of 16232?
1
What is the hundreds digit of 165958?
9
What is the thousands digit of 34735?
4
What is the thousands digit of 2168?
2
What is the tens digit of 1090?
9
What is the thousands digit of 6937?
6
What is the ten thousands digit of 13772?
1
What is the tens digit of 6387?
8
What is the hundreds digit of 742?
7
What is the hundred thousands digit of 129770?
1
What is the tens digit of 9860?
6
What is the units digit of 6173?
3
What is the tens digit of 270?
7
What is the thousands digit of 3601?
3
What is the hundreds digit of 3633?
6
What is the units digit of 6675?
5
What is the tens digit of 37660?
6
What is the units digit of 2051?
1
What is the thousands digit of 142290?
2
What is the ten thousands digit of 10376?
1
What is the tens digit of 3171?
7
What is the hundreds digit of 3634?
6
What is the hundreds digit of 278?
2
What is the hundreds digit of 8030?
0
What is the thousands digit of 1819?
1
What is the thousands digit of 2216?
2
What is the units digit of 56006?
6
What is the tens digit of 3371?
7
What is the thousands digit of 89966?
9
What is the thousands digit of 1066?
1
What is the hundreds digit of 688?
6
What is the tens digit of 5312?
1
What is the hundreds digit of 47321?
3
What is the units digit of 27288?
8
What is the thousands digit of 25945?
5
What is the units digit of 264?
4
What is the thousands digit of 4012?
4
What is the hundreds digit of 1619?
6
What is the tens digit of 6490?
9
What is the units digit of 1905?
5
What is the tens digit of 28112?
1
What is the thousands digit of 1526?
1
What is the hundreds digit of 423?
4
What is the hundreds digit of 1737?
7
What is the tens digit of 78873?
7
What is the hundreds digit of 1906?
9
What is the hundreds digit of 4347?
3
What is the hundreds digit of 433?
4
What is the units digit of 789?
9
What is the tens digit of 11091?
9
What is the tens digit of 653?
5
What is the hundreds digit of 373?
3
What is the hundreds digit of 1165?
1
What is the units digit of 3221?
1
What is the thousands digit of 1605?
1
What is the tens digit of 2396?
9
What is the hundreds digit of 154770?
7
What is the tens digit of 57446?
4
What is the tens digit of 432?
3
What is the tens digit of 12871?
7
What is the thousands digit of 140531?
0
What is the tens digit of 94497?
9
What is the tens digit of 4690?
9
What is the thousands digit of 12231?
2
What is the units digit of 1706?
6
What is the units digit of 150?
0
What is the tens digit of 18417?
1
What is the units digit of 77309?
9
What is the hundreds digit of 38073?
0
What is the tens digit of 53036?
3
What is the tens digit of 13690?
9
What is the hundreds digit of 2946?
9
What is the tens digit of 111313?
1
What is the tens digit of 2502?
0
What is the tens digit of 1024?
2
What is the tens digit of 494?
9
What is the units digit of 44?
4
What is the units digit of 24786?
6
What is the hundreds digit of 59456?
4
What is the units digit of 85491?
1
What is the tens digit of 312?
1
What is the tens digit of 1786?
8
What is the thousands digit of 3824?
3
What is the thousands digit of 1686?
1
What is the thousands digit of 6585?
6
What is the thousands digit of 84858?
4
What is the tens digit of 813?
1
What is the tens digit of 31057?
5
What is the tens digit of 260?
6
What is the units digit of 1374?
4
What is the thousands digit of 5367?
5
What is the units digit of 20697?
7
What is the units digit of 6353?
3
What is the tens digit of 743?
4
What is the tens digit of 1831?
3
What is the tens digit of 47679?
7
What is the hundreds digit of 2546?
5
What is the tens digit of 75962?
6
What is the hundreds digit of 7832?
8
What is the hundreds digit of 5040?
0
What is the units digit of 1241?
1
What is the tens digit of 604?
0
What is the thousands digit of 7763?
7
What is the units digit of 227?
7
What is the hundreds digit of 8114?
1
What is the tens digit of 7000?
0
What is the hundreds digit of 12339?
3
What is the ten thousands digit of 14546?
1
What is the thousands digit of 11809?
1
What is the tens digit of 9849?
4
What is the thousands digit of 19780?
9
What is the thousands digit of 65052?
5
What is the hundreds digit of 9523?
5
What is the hundreds digit of 9381?
3
What is the tens digit of 899?
9
What is the hundreds digit of 3768?
7
What is the tens digit of 30689?
8
What is the hundreds digit of 6757?
7
What is the units digit of 2967?
7
What is the thousands digit of 10940?
0
What is the units digit of 14047?
7
What is the hundreds digit of 2139?
1
What is the units digit of 19711?
1
What is the tens digit of 1091?
9
What is the thousands digit of 10884?
0
What is the units digit of 54767?
7
What is the units digit of 103657?
7
What is the tens digit of 11353?
5
What is the units digit of 753?
3
What is the ten thousands digit of 20914?
2
What is the tens digit of 2179?
7
What is the hundreds digit of 101?
1
What is the tens digit of 588?
8
What is the units digit of 678?
8
What is the tens digit of 84461?
6
What is the thousands digit of 135832?
5
What is the hundreds digit of 898?
8
What is the tens digit of 10625?
2
What is the thousands digit of 6803?
6
What is the tens digit of 31912?
1
What is the tens digit of 15?
1
What is the units digit of 874?
4
What is the units digit of 3?
3
What is the units digit of 27380?
0
What is the tens digit of 10516?
1
What is the tens digit of 1375?
7
What is the tens digit of 475?
7
What is the thousands digit of 1437?
1
What is the hundreds digit of 13013?
0
What is the units digit of 6628?
8
What is the units digit of 6052?
2
What is the ten thousands digit of 34949?
3
What is the hundreds digit of 3039?
0
What is the tens digit of 2730?
3
What is the units digit of 38525?
5
What is the units digit of 5121?
1
What is the thousands digit of 12074?
2
What is the units digit of 1197?
7
What is the units digit of 701?
1
What is the units digit of 33767?
7
What is the ten thousands digit of 12714?
1
What is the tens digit of 4308?
0
What is the ten thousands digit of 10386?
1
What is th